{"id":162,"date":"2025-07-21T09:42:56","date_gmt":"2025-07-21T07:42:56","guid":{"rendered":"https:\/\/test.tourist-weimar.de\/?page_id=162"},"modified":"2025-07-30T16:06:47","modified_gmt":"2025-07-30T14:06:47","slug":"impressum-datenschutz","status":"publish","type":"page","link":"https:\/\/www.tourist-weimar.de\/index.php\/impressum-datenschutz\/","title":{"rendered":"Impressum &amp; Datenschutz"},"content":{"rendered":"\n[et_pb_section fb_built=&#8220;1&#8243; admin_label=&#8220;Header &#038; Contact Form&#8220; _builder_version=&#8220;4.27.4&#8243; _module_preset=&#8220;default&#8220; background_color=&#8220;#FFFFFF&#8220; background_image=&#8220;https:\/\/test.tourist-weimar.de\/wp-content\/uploads\/2025\/06\/ghoethe-schliller-grafik-weimar.png&#8220; background_size=&#8220;custom&#8220; background_image_width=&#8220;25%&#8220; background_position=&#8220;center_left&#8220; collapsed=&#8220;on&#8220; global_colors_info=&#8220;{}&#8220; theme_builder_area=&#8220;post_content&#8220;][et_pb_row column_structure=&#8220;1_4,3_4&#8243; _builder_version=&#8220;4.27.4&#8243; _module_preset=&#8220;default&#8220; max_width=&#8220;1400px&#8220; global_colors_info=&#8220;{}&#8220; theme_builder_area=&#8220;post_content&#8220;][et_pb_column type=&#8220;1_4&#8243; _builder_version=&#8220;4.23.1&#8243; _module_preset=&#8220;default&#8220; global_colors_info=&#8220;{}&#8220; theme_builder_area=&#8220;post_content&#8220;][\/et_pb_column][et_pb_column type=&#8220;3_4&#8243; _builder_version=&#8220;4.23.1&#8243; _module_preset=&#8220;default&#8220; global_colors_info=&#8220;{}&#8220; theme_builder_area=&#8220;post_content&#8220;][et_pb_text _builder_version=&#8220;4.27.4&#8243; _module_preset=&#8220;default&#8220; theme_builder_area=&#8220;post_content&#8220; hover_enabled=&#8220;0&#8243; sticky_enabled=&#8220;0&#8243;]<h2><b>Impressum<\/b><\/h2>\n<p><b><\/b><\/p>\n<p><b>Angaben gem\u00e4\u00df \u00a7<\/b><span><b>\u202f<\/b><\/span><b>5 TMG<\/b><\/p>\n<p><b>Betreiber \/ Verantwortlich:<\/b><\/p>\n<p>Reinfried Ziegenbein<br \/>Bahnhofstra\u00dfe<span>\u202f<\/span>68,<br \/>99425 Weimar (Ortsteil Oberweimar)<\/p>\n<p><b>Kontakt:<\/b><br \/>Telefon: 03643<span>\u202f<\/span>\/<span>\u202f<\/span>502834<br \/>Mobil: 0163<span>\u202f<\/span>\/<span>\u202f<\/span>3914050<br \/>E\u2011Mail: info@tourist\u2011weimar.de<\/p>\n<p><b>Umsatzsteuer-ID:<\/b><br \/>DE<span>\u202f<\/span>16229205645<\/p>\n<p><b>Gesch\u00e4ftsf\u00fchrung:<\/b><br \/>Reinfried Ziegenbein<\/p>\n<p>&nbsp;<\/p>\n<p><b>Haftungsausschluss<\/b><\/p>\n<p><b>Haftung f\u00fcr Inhalte<\/b><br \/>Die Inhalte wurden mit gr\u00f6\u00dfter Sorgfalt erstellt, jedoch keine Gew\u00e4hr f\u00fcr Richtigkeit, Vollst\u00e4ndigkeit und Aktualit\u00e4t. Als Diensteanbieter gem\u00e4\u00df \u00a7<span>\u202f<\/span>7 Abs.<span>\u202f<\/span>1 TMG sind wir f\u00fcr eigene Inhalte verantwortlich. Eine \u00dcberwachung empfangener oder gespeicherter fremder Informationen entsprechend \u00a7\u00a7<span>\u202f<\/span>8\u201310 TMG erfolgt nicht \u2013 eine Haftung nur bei Bekanntwerden konkreter Rechtsverletzungen<span class=\"Apple-converted-space\">\u00a0<\/span><\/p>\n<p><b>Haftung f\u00fcr Links<\/b><br \/>Externe Links wurden zum Zeitpunkt der Verlinkung gepr\u00fcft. F\u00fcr deren Inhalte bleibt der jeweilige Anbieter verantwortlich. Wir \u00fcbernehmen keine kontinuierliche Kontrolle \u2013 rechtswidrige Inhalte werden bei Kenntnis entfernt.<\/p>\n<p><b>Urheberrecht<\/b><br \/>Eigene Inhalte unterliegen deutschem Urheberrecht. Jegliche Nutzung, insbesondere Vervielf\u00e4ltigung und Verbreitung, nur mit schriftlicher Zustimmung. Inhalte Dritter sind entsprechend markiert. Hinweise zu Rechtsverletzungen bitte melden, wir reagieren umgehend<\/p>\n<p>&nbsp;<\/p>\n<h2><b>Datenschutzerkl\u00e4rung<\/b><\/h2>\n<p><b><\/b><\/p>\n<p><b>1. Allgemeine Hinweise<\/b><\/p>\n<p>Die Nutzung der Webseite erfolgt in der Regel ohne personenbezogene Daten. Wo Daten (Name, Anschrift, E\u2011Mail) erhoben werden, geschieht dies freiwillig. Eine Weitergabe an Dritte erfolgt nur mit ausdr\u00fccklicher Zustimmung. Daten\u00fcbertragung im Internet birgt Sicherheitsrisiken \u2013 vollst\u00e4ndiger Schutz nicht m\u00f6glich.<\/p>\n<p><b>2. Zweck der Datennutzung<\/b><\/p>\n<p>Erhobene personenbezogene Daten dienen ausschlie\u00dflich zur Bearbeitung Ihrer Anfragen oder zur Kommunikation. Unaufgeforderte Werbung ist nicht gestattet \u2013 rechtliche Schritte bei Spam-Daten an uns vorbehalten.<\/p>\n<p><b>3. Facebook\u2011Plugins<\/b><\/p>\n<p>Es sind Facebook\u2011Like\u2011Buttons eingebunden. Bei Besuch wird eine direkte Verbindung zu Facebook hergestellt, Facebook erh\u00e4lt so Daten inklusive IP-Adresse. Wenn Sie eingeloggt sind, kann Ihr Besuch Ihrem Facebook-Account zugeordnet werden. Wir erhalten keine Informationen \u00fcber Inhalt oder Nutzung durch Facebook. Weitere Informationen in der Facebook-Datenschutzerkl\u00e4rung. Empfehlung: bei Nicht-Zuordnung ausloggen.<\/p>\n<p><b>4. Google Analytics<\/b><\/p>\n<p>Verwendet wird Google Analytics zur Analyse der Webseitennutzung. Hierzu werden Cookies eingesetzt und (anonymisierte) Daten meist in die USA \u00fcbertragen. IP-Anonymisierung ist aktiviert, sodass Ihre IP innerhalb der EU gek\u00fcrzt wird. Die vollst\u00e4ndige Adresse wird nur in Ausnahmef\u00e4llen \u00fcbertragen. Daten sind nicht mit anderen Google-Diensten zusammengef\u00fchrt. Sie k\u00f6nnen Speicherung von Cookies \u00fcber Browser-Einstellungen verhindern; dies kann allerdings zur Einschr\u00e4nkung der Funktionen der Webseite f\u00fchren. Zus\u00e4tzlich kann das Opt-Out\u2011Browser-Plugin genutzt werden.<\/p>\n<p>&nbsp;<\/p>\n<p><b>Hinweise zur DSGVO &amp; weitere Informationen<\/b><\/p>\n<ul>\n<li><b>Rechtsgrundlage<\/b> f\u00fcr Verarbeitung personenbezogener Daten:<span>\u202f<\/span>Art.<span>\u202f<\/span>6 Abs.<span>\u202f<\/span>1 lit.<span>\u202f<\/span>a (Einwilligung) bzw. lit.<span>\u202f<\/span>f (berechtigtes Interesse, z.<span>\u202f<\/span>B. Tracking, Sicherheit).<\/li>\n<li><b>Ihre Rechte<\/b>: Auskunft, Berichtigung, L\u00f6schung, Einschr\u00e4nkung der Verarbeitung, Daten\u00fcbertragbarkeit, Widerruf, Beschwerderecht bei Aufsichtsbeh\u00f6rde.<\/li>\n<li>Sie k\u00f6nnen uns jederzeit per E\u2011Mail kontaktieren (info@tourist\u2011weimar.de) oder postalisch.<\/li>\n<li>Diese Datenschutzerkl\u00e4rung wird regelm\u00e4\u00dfig an ge\u00e4nderte Rechtslagen oder neue Dienste angepasst.<\/li>\n<\/ul>[\/et_pb_text][\/et_pb_column][\/et_pb_row][et_pb_row column_structure=&#8220;1_3,1_3,1_3&#8243; make_equal=&#8220;on&#8220; _builder_version=&#8220;4.27.4&#8243; _module_preset=&#8220;default&#8220; locked=&#8220;off&#8220; global_colors_info=&#8220;{}&#8220; theme_builder_area=&#8220;post_content&#8220;][et_pb_column type=&#8220;1_3&#8243; _builder_version=&#8220;4.23.1&#8243; _module_preset=&#8220;default&#8220; background_color=&#8220;#FFFFFF&#8220; custom_padding=&#8220;30px|30px|30px|30px|true|true&#8220; custom_padding_tablet=&#8220;30px|30px|30px|30px|true|true&#8220; custom_padding_phone=&#8220;20px|20px|20px|20px|true|true&#8220; custom_padding_last_edited=&#8220;on|desktop&#8220; border_radii=&#8220;on|20px|20px|20px|20px&#8220; global_colors_info=&#8220;{}&#8220; theme_builder_area=&#8220;post_content&#8220;][et_pb_blurb use_icon=&#8220;on&#8220; font_icon=&#8220;&#xe01d;||divi||400&#8243; icon_color=&#8220;#000000&#8243; image_icon_background_color=&#8220;gcid-3cf7c930-5f16-4c4e-9613-90a9edb8c65a&#8220; image_icon_width=&#8220;32px&#8220; content_max_width=&#8220;100%&#8220; _builder_version=&#8220;4.23.1&#8243; _module_preset=&#8220;default&#8220; header_font=&#8220;Poppins|700|||||||&#8220; header_font_size=&#8220;20px&#8220; header_line_height=&#8220;1.4em&#8220; body_line_height=&#8220;1.6em&#8220; image_icon_custom_padding=&#8220;16px|16px|16px|16px|true|true&#8220; text_orientation=&#8220;center&#8220; custom_margin=&#8220;||0px||false|false&#8220; custom_padding=&#8220;8px|8px|8px|8px|true|true&#8220; animation=&#8220;off&#8220; header_font_size_tablet=&#8220;16px&#8220; header_font_size_phone=&#8220;14px&#8220; header_font_size_last_edited=&#8220;on|desktop&#8220; border_radii_image=&#8220;on|500px|500px|500px|500px&#8220; global_colors_info=&#8220;{%22gcid-3cf7c930-5f16-4c4e-9613-90a9edb8c65a%22:%91%22image_icon_background_color%22%93}&#8220; theme_builder_area=&#8220;post_content&#8220;][\/et_pb_blurb][et_pb_text _builder_version=&#8220;4.27.4&#8243; _module_preset=&#8220;_initial&#8220; header_5_font=&#8220;Poppins|700|||||||&#8220; header_5_font_size=&#8220;20px&#8220; header_5_line_height=&#8220;1.4em&#8220; text_orientation=&#8220;center&#8220; custom_margin=&#8220;||0px||false|false&#8220; header_5_font_size_tablet=&#8220;16px&#8220; header_5_font_size_phone=&#8220;14px&#8220; header_5_font_size_last_edited=&#8220;on|desktop&#8220; global_colors_info=&#8220;{}&#8220; theme_builder_area=&#8220;post_content&#8220;]<h5>Adresse<\/h5>[\/et_pb_text][et_pb_text _builder_version=&#8220;4.27.4&#8243; _module_preset=&#8220;_initial&#8220; text_line_height=&#8220;1.6em&#8220; link_text_color=&#8220;gcid-0b7d1196-1254-419d-9c26-7c91bd0c258d&#8220; text_orientation=&#8220;center&#8220; global_colors_info=&#8220;{%22gcid-0b7d1196-1254-419d-9c26-7c91bd0c258d%22:%91%22link_text_color%22%93}&#8220; theme_builder_area=&#8220;post_content&#8220;]<p>Reinfried Ziegenbein, Bahnhofstra\u00dfe 68, 99425 Oberweimar \/ Weimar<\/p>[\/et_pb_text][\/et_pb_column][et_pb_column type=&#8220;1_3&#8243; _builder_version=&#8220;4.23.1&#8243; _module_preset=&#8220;default&#8220; background_color=&#8220;#FFFFFF&#8220; custom_padding=&#8220;30px|30px|30px|30px|true|true&#8220; custom_padding_tablet=&#8220;30px|30px|30px|30px|true|true&#8220; custom_padding_phone=&#8220;20px|20px|20px|20px|true|true&#8220; custom_padding_last_edited=&#8220;on|desktop&#8220; border_radii=&#8220;on|20px|20px|20px|20px&#8220; global_colors_info=&#8220;{}&#8220; theme_builder_area=&#8220;post_content&#8220;][et_pb_blurb use_icon=&#8220;on&#8220; font_icon=&#8220;&#xe010;||divi||400&#8243; icon_color=&#8220;#000000&#8243; image_icon_background_color=&#8220;gcid-dd8ea19d-81cb-4074-bc8d-b1da674e2c08&#8243; image_icon_width=&#8220;32px&#8220; content_max_width=&#8220;100%&#8220; _builder_version=&#8220;4.27.4&#8243; _module_preset=&#8220;default&#8220; header_font=&#8220;Poppins|700|||||||&#8220; header_font_size=&#8220;20px&#8220; header_line_height=&#8220;1.4em&#8220; body_line_height=&#8220;1.6em&#8220; image_icon_custom_padding=&#8220;16px|16px|16px|16px|true|true&#8220; text_orientation=&#8220;center&#8220; custom_margin=&#8220;||0px||false|false&#8220; custom_padding=&#8220;8px|8px|8px|8px|true|true&#8220; animation=&#8220;off&#8220; header_font_size_tablet=&#8220;16px&#8220; header_font_size_phone=&#8220;14px&#8220; header_font_size_last_edited=&#8220;on|desktop&#8220; border_radii_image=&#8220;on|500px|500px|500px|500px&#8220; locked=&#8220;off&#8220; global_colors_info=&#8220;{%22gcid-dd8ea19d-81cb-4074-bc8d-b1da674e2c08%22:%91%22image_icon_background_color%22%93}&#8220; theme_builder_area=&#8220;post_content&#8220;][\/et_pb_blurb][et_pb_text _builder_version=&#8220;4.27.4&#8243; _module_preset=&#8220;_initial&#8220; header_5_font=&#8220;Poppins|700|||||||&#8220; header_5_font_size=&#8220;20px&#8220; header_5_line_height=&#8220;1.4em&#8220; text_orientation=&#8220;center&#8220; custom_margin=&#8220;||0px||false|false&#8220; header_5_font_size_tablet=&#8220;16px&#8220; header_5_font_size_phone=&#8220;14px&#8220; header_5_font_size_last_edited=&#8220;on|desktop&#8220; global_colors_info=&#8220;{}&#8220; theme_builder_area=&#8220;post_content&#8220;]<h5>Mail Kontakt\u00a0<\/h5>[\/et_pb_text][et_pb_text _builder_version=&#8220;4.27.4&#8243; _module_preset=&#8220;_initial&#8220; text_line_height=&#8220;1.6em&#8220; link_text_color=&#8220;gcid-0b7d1196-1254-419d-9c26-7c91bd0c258d&#8220; text_orientation=&#8220;center&#8220; global_colors_info=&#8220;{%22gcid-0b7d1196-1254-419d-9c26-7c91bd0c258d%22:%91%22link_text_color%22%93}&#8220; theme_builder_area=&#8220;post_content&#8220;]<p><a href=\"mailto:info@tourist-weimar.de\">info@tourist-weimar.de<\/a><\/p>[\/et_pb_text][\/et_pb_column][et_pb_column type=&#8220;1_3&#8243; _builder_version=&#8220;4.23.1&#8243; _module_preset=&#8220;default&#8220; background_color=&#8220;#FFFFFF&#8220; custom_padding=&#8220;30px|30px|30px|30px|true|true&#8220; custom_padding_tablet=&#8220;30px|30px|30px|30px|true|true&#8220; custom_padding_phone=&#8220;20px|20px|20px|20px|true|true&#8220; custom_padding_last_edited=&#8220;on|desktop&#8220; border_radii=&#8220;on|20px|20px|20px|20px&#8220; global_colors_info=&#8220;{}&#8220; theme_builder_area=&#8220;post_content&#8220;][et_pb_blurb use_icon=&#8220;on&#8220; font_icon=&#8220;&#xe00b;||divi||400&#8243; icon_color=&#8220;#000000&#8243; image_icon_background_color=&#8220;gcid-4558e94f-c411-4090-9fc6-820b4850a969&#8243; image_icon_width=&#8220;32px&#8220; content_max_width=&#8220;100%&#8220; _builder_version=&#8220;4.23.1&#8243; _module_preset=&#8220;default&#8220; header_font=&#8220;Poppins|700|||||||&#8220; header_font_size=&#8220;20px&#8220; header_line_height=&#8220;1.4em&#8220; body_line_height=&#8220;1.6em&#8220; image_icon_custom_padding=&#8220;16px|16px|16px|16px|true|true&#8220; text_orientation=&#8220;center&#8220; custom_margin=&#8220;||0px||false|false&#8220; custom_padding=&#8220;8px|8px|8px|8px|true|true&#8220; animation=&#8220;off&#8220; header_font_size_tablet=&#8220;16px&#8220; header_font_size_phone=&#8220;14px&#8220; header_font_size_last_edited=&#8220;on|desktop&#8220; border_radii_image=&#8220;on|500px|500px|500px|500px&#8220; locked=&#8220;off&#8220; global_colors_info=&#8220;{%22gcid-4558e94f-c411-4090-9fc6-820b4850a969%22:%91%22image_icon_background_color%22%93}&#8220; theme_builder_area=&#8220;post_content&#8220;][\/et_pb_blurb][et_pb_text _builder_version=&#8220;4.23.1&#8243; _module_preset=&#8220;_initial&#8220; header_5_font=&#8220;Poppins|700|||||||&#8220; header_5_font_size=&#8220;20px&#8220; header_5_line_height=&#8220;1.4em&#8220; text_orientation=&#8220;center&#8220; custom_margin=&#8220;||0px||false|false&#8220; header_5_font_size_tablet=&#8220;16px&#8220; header_5_font_size_phone=&#8220;14px&#8220; header_5_font_size_last_edited=&#8220;on|desktop&#8220; global_colors_info=&#8220;{}&#8220; theme_builder_area=&#8220;post_content&#8220;]<h5>Telefon<\/h5>[\/et_pb_text][et_pb_text _builder_version=&#8220;4.27.4&#8243; _module_preset=&#8220;_initial&#8220; text_font=&#8220;|700|||||||&#8220; text_line_height=&#8220;1.6em&#8220; link_text_color=&#8220;gcid-0b7d1196-1254-419d-9c26-7c91bd0c258d&#8220; text_orientation=&#8220;center&#8220; global_colors_info=&#8220;{%22gcid-0b7d1196-1254-419d-9c26-7c91bd0c258d%22:%91%22link_text_color%22%93}&#8220; theme_builder_area=&#8220;post_content&#8220;]<p><a href=\"tel: +49(0)163-3914050\">+49(0)163-3914050<\/a><\/p>[\/et_pb_text][\/et_pb_column][\/et_pb_row][\/et_pb_section]\n","protected":false},"excerpt":{"rendered":"<p>Impressum Angaben gem\u00e4\u00df \u00a7\u202f5 TMG Betreiber \/ Verantwortlich: Reinfried ZiegenbeinBahnhofstra\u00dfe\u202f68,99425 Weimar (Ortsteil Oberweimar) Kontakt:Telefon: 03643\u202f\/\u202f502834Mobil: 0163\u202f\/\u202f3914050E\u2011Mail: info@tourist\u2011weimar.de Umsatzsteuer-ID:DE\u202f16229205645 Gesch\u00e4ftsf\u00fchrung:Reinfried Ziegenbein &nbsp; Haftungsausschluss Haftung f\u00fcr InhalteDie Inhalte wurden mit gr\u00f6\u00dfter Sorgfalt erstellt, jedoch keine Gew\u00e4hr f\u00fcr Richtigkeit, Vollst\u00e4ndigkeit und Aktualit\u00e4t. Als Diensteanbieter gem\u00e4\u00df \u00a7\u202f7 Abs.\u202f1 TMG sind wir f\u00fcr eigene Inhalte verantwortlich. Eine \u00dcberwachung empfangener oder [&hellip;]<\/p>\n","protected":false},"author":1,"featured_media":0,"parent":0,"menu_order":0,"comment_status":"closed","ping_status":"closed","template":"","meta":{"_et_pb_use_builder":"on","_et_pb_old_content":"","_et_gb_content_width":"","footnotes":""},"class_list":["post-162","page","type-page","status-publish","hentry"],"yoast_head":"<!-- This site is optimized with the Yoast SEO plugin v27.4 - https:\/\/yoast.com\/product\/yoast-seo-wordpress\/ -->\r\n<title>Impressum &amp; Datenschutz - TOURIST-WEIMAR<\/title>\r\n<meta name=\"description\" content=\"Impressum und Datenschutz Informationen f\u00fcr Tourist Weimar. Alle reklevanten Links und Kontaktinformationen auf einen Blick.\" \/>\r\n<meta name=\"robots\" content=\"index, follow, max-snippet:-1, max-image-preview:large, max-video-preview:-1\" \/>\r\n<link rel=\"canonical\" href=\"https:\/\/www.tourist-weimar.de\/index.php\/impressum-datenschutz\/\" \/>\r\n<meta property=\"og:locale\" content=\"de_DE\" \/>\r\n<meta property=\"og:type\" content=\"article\" \/>\r\n<meta property=\"og:title\" content=\"Impressum &amp; Datenschutz - TOURIST-WEIMAR\" \/>\r\n<meta property=\"og:description\" content=\"Impressum und Datenschutz Informationen f\u00fcr Tourist Weimar. Alle reklevanten Links und Kontaktinformationen auf einen Blick.\" \/>\r\n<meta property=\"og:url\" content=\"https:\/\/www.tourist-weimar.de\/index.php\/impressum-datenschutz\/\" \/>\r\n<meta property=\"og:site_name\" content=\"TOURIST-WEIMAR\" \/>\r\n<meta property=\"article:modified_time\" content=\"2025-07-30T14:06:47+00:00\" \/>\r\n<meta name=\"twitter:card\" content=\"summary_large_image\" \/>\r\n<meta name=\"twitter:label1\" content=\"Gesch\u00e4tzte Lesezeit\" \/>\n\t<meta name=\"twitter:data1\" content=\"3\u00a0Minuten\" \/>\r\n<script type=\"application\/ld+json\" class=\"yoast-schema-graph\">{\"@context\":\"https:\\\/\\\/schema.org\",\"@graph\":[{\"@type\":\"WebPage\",\"@id\":\"https:\\\/\\\/www.tourist-weimar.de\\\/index.php\\\/impressum-datenschutz\\\/\",\"url\":\"https:\\\/\\\/www.tourist-weimar.de\\\/index.php\\\/impressum-datenschutz\\\/\",\"name\":\"Impressum &amp; Datenschutz - TOURIST-WEIMAR\",\"isPartOf\":{\"@id\":\"https:\\\/\\\/www.tourist-weimar.de\\\/#website\"},\"datePublished\":\"2025-07-21T07:42:56+00:00\",\"dateModified\":\"2025-07-30T14:06:47+00:00\",\"description\":\"Impressum und Datenschutz Informationen f\u00fcr Tourist Weimar. Alle reklevanten Links und Kontaktinformationen auf einen Blick.\",\"breadcrumb\":{\"@id\":\"https:\\\/\\\/www.tourist-weimar.de\\\/index.php\\\/impressum-datenschutz\\\/#breadcrumb\"},\"inLanguage\":\"de\",\"potentialAction\":[{\"@type\":\"ReadAction\",\"target\":[\"https:\\\/\\\/www.tourist-weimar.de\\\/index.php\\\/impressum-datenschutz\\\/\"]}]},{\"@type\":\"BreadcrumbList\",\"@id\":\"https:\\\/\\\/www.tourist-weimar.de\\\/index.php\\\/impressum-datenschutz\\\/#breadcrumb\",\"itemListElement\":[{\"@type\":\"ListItem\",\"position\":1,\"name\":\"Startseite\",\"item\":\"https:\\\/\\\/www.tourist-weimar.de\\\/\"},{\"@type\":\"ListItem\",\"position\":2,\"name\":\"Impressum &amp; Datenschutz\"}]},{\"@type\":\"WebSite\",\"@id\":\"https:\\\/\\\/www.tourist-weimar.de\\\/#website\",\"url\":\"https:\\\/\\\/www.tourist-weimar.de\\\/\",\"name\":\"TOURIST WEIMAR\",\"description\":\"TOURIST-WEIMAR\",\"publisher\":{\"@id\":\"https:\\\/\\\/www.tourist-weimar.de\\\/#organization\"},\"potentialAction\":[{\"@type\":\"SearchAction\",\"target\":{\"@type\":\"EntryPoint\",\"urlTemplate\":\"https:\\\/\\\/www.tourist-weimar.de\\\/?s={search_term_string}\"},\"query-input\":{\"@type\":\"PropertyValueSpecification\",\"valueRequired\":true,\"valueName\":\"search_term_string\"}}],\"inLanguage\":\"de\"},{\"@type\":\"Organization\",\"@id\":\"https:\\\/\\\/www.tourist-weimar.de\\\/#organization\",\"name\":\"TOURIST-WEIMAR\",\"url\":\"https:\\\/\\\/www.tourist-weimar.de\\\/\",\"logo\":{\"@type\":\"ImageObject\",\"inLanguage\":\"de\",\"@id\":\"https:\\\/\\\/www.tourist-weimar.de\\\/#\\\/schema\\\/logo\\\/image\\\/\",\"url\":\"https:\\\/\\\/test.tourist-weimar.de\\\/wp-content\\\/uploads\\\/2025\\\/06\\\/Logo-weimartouristXL-01.png\",\"contentUrl\":\"https:\\\/\\\/test.tourist-weimar.de\\\/wp-content\\\/uploads\\\/2025\\\/06\\\/Logo-weimartouristXL-01.png\",\"width\":932,\"height\":499,\"caption\":\"TOURIST-WEIMAR\"},\"image\":{\"@id\":\"https:\\\/\\\/www.tourist-weimar.de\\\/#\\\/schema\\\/logo\\\/image\\\/\"}}]}<\/script>\r\n<!-- \/ Yoast SEO plugin. -->","yoast_head_json":{"title":"Impressum &amp; Datenschutz - TOURIST-WEIMAR","description":"Impressum und Datenschutz Informationen f\u00fcr Tourist Weimar. Alle reklevanten Links und Kontaktinformationen auf einen Blick.","robots":{"index":"index","follow":"follow","max-snippet":"max-snippet:-1","max-image-preview":"max-image-preview:large","max-video-preview":"max-video-preview:-1"},"canonical":"https:\/\/www.tourist-weimar.de\/index.php\/impressum-datenschutz\/","og_locale":"de_DE","og_type":"article","og_title":"Impressum &amp; Datenschutz - TOURIST-WEIMAR","og_description":"Impressum und Datenschutz Informationen f\u00fcr Tourist Weimar. Alle reklevanten Links und Kontaktinformationen auf einen Blick.","og_url":"https:\/\/www.tourist-weimar.de\/index.php\/impressum-datenschutz\/","og_site_name":"TOURIST-WEIMAR","article_modified_time":"2025-07-30T14:06:47+00:00","twitter_card":"summary_large_image","twitter_misc":{"Gesch\u00e4tzte Lesezeit":"3\u00a0Minuten"},"schema":{"@context":"https:\/\/schema.org","@graph":[{"@type":"WebPage","@id":"https:\/\/www.tourist-weimar.de\/index.php\/impressum-datenschutz\/","url":"https:\/\/www.tourist-weimar.de\/index.php\/impressum-datenschutz\/","name":"Impressum &amp; Datenschutz - TOURIST-WEIMAR","isPartOf":{"@id":"https:\/\/www.tourist-weimar.de\/#website"},"datePublished":"2025-07-21T07:42:56+00:00","dateModified":"2025-07-30T14:06:47+00:00","description":"Impressum und Datenschutz Informationen f\u00fcr Tourist Weimar. Alle reklevanten Links und Kontaktinformationen auf einen Blick.","breadcrumb":{"@id":"https:\/\/www.tourist-weimar.de\/index.php\/impressum-datenschutz\/#breadcrumb"},"inLanguage":"de","potentialAction":[{"@type":"ReadAction","target":["https:\/\/www.tourist-weimar.de\/index.php\/impressum-datenschutz\/"]}]},{"@type":"BreadcrumbList","@id":"https:\/\/www.tourist-weimar.de\/index.php\/impressum-datenschutz\/#breadcrumb","itemListElement":[{"@type":"ListItem","position":1,"name":"Startseite","item":"https:\/\/www.tourist-weimar.de\/"},{"@type":"ListItem","position":2,"name":"Impressum &amp; Datenschutz"}]},{"@type":"WebSite","@id":"https:\/\/www.tourist-weimar.de\/#website","url":"https:\/\/www.tourist-weimar.de\/","name":"TOURIST WEIMAR","description":"TOURIST-WEIMAR","publisher":{"@id":"https:\/\/www.tourist-weimar.de\/#organization"},"potentialAction":[{"@type":"SearchAction","target":{"@type":"EntryPoint","urlTemplate":"https:\/\/www.tourist-weimar.de\/?s={search_term_string}"},"query-input":{"@type":"PropertyValueSpecification","valueRequired":true,"valueName":"search_term_string"}}],"inLanguage":"de"},{"@type":"Organization","@id":"https:\/\/www.tourist-weimar.de\/#organization","name":"TOURIST-WEIMAR","url":"https:\/\/www.tourist-weimar.de\/","logo":{"@type":"ImageObject","inLanguage":"de","@id":"https:\/\/www.tourist-weimar.de\/#\/schema\/logo\/image\/","url":"https:\/\/test.tourist-weimar.de\/wp-content\/uploads\/2025\/06\/Logo-weimartouristXL-01.png","contentUrl":"https:\/\/test.tourist-weimar.de\/wp-content\/uploads\/2025\/06\/Logo-weimartouristXL-01.png","width":932,"height":499,"caption":"TOURIST-WEIMAR"},"image":{"@id":"https:\/\/www.tourist-weimar.de\/#\/schema\/logo\/image\/"}}]}},"_links":{"self":[{"href":"https:\/\/www.tourist-weimar.de\/index.php\/wp-json\/wp\/v2\/pages\/162","targetHints":{"allow":["GET"]}}],"collection":[{"href":"https:\/\/www.tourist-weimar.de\/index.php\/wp-json\/wp\/v2\/pages"}],"about":[{"href":"https:\/\/www.tourist-weimar.de\/index.php\/wp-json\/wp\/v2\/types\/page"}],"author":[{"embeddable":true,"href":"https:\/\/www.tourist-weimar.de\/index.php\/wp-json\/wp\/v2\/users\/1"}],"replies":[{"embeddable":true,"href":"https:\/\/www.tourist-weimar.de\/index.php\/wp-json\/wp\/v2\/comments?post=162"}],"version-history":[{"count":3,"href":"https:\/\/www.tourist-weimar.de\/index.php\/wp-json\/wp\/v2\/pages\/162\/revisions"}],"predecessor-version":[{"id":166,"href":"https:\/\/www.tourist-weimar.de\/index.php\/wp-json\/wp\/v2\/pages\/162\/revisions\/166"}],"wp:attachment":[{"href":"https:\/\/www.tourist-weimar.de\/index.php\/wp-json\/wp\/v2\/media?parent=162"}],"curies":[{"name":"wp","href":"https:\/\/api.w.org\/{rel}","templated":true}]}}